What are the prime factors of a?
3, 41
Suppose -2*z + 27 = l, l - 6*l = -3*z + 8. Suppose 0 = -z*s + 17*s - 468. List the prime factors of s.
2, 3, 13
Let b be ((-8)/10)/((-8)/3260). Suppose 5*f + b = q, f = -4*q - f + 1392. What are the prime factors of q?
2, 173
Let x = -190 - -304. List the prime factors of ((-5)/((-25)/84))/(x/1520).
2, 7
Suppose 2 = 5*h - 18. Suppose 5*j = -4*w + 21, h*w = 2*j + w - 13. Suppose j*a - 649 = -4*k, -3*a + 685 = 2*a - 5*k. List the prime factors of a.
7, 19
Let c(s) = -67*s + 0 + s**3 + 60*s + s**2 - 1. Let u be c(5). Suppose h = p + u, 5*p + 0*p = 4*h - 460. List the prime factors of h.
2, 5, 11
Suppose -401021 - 33769 = -9*n. What are the prime factors of n?
2, 5, 4831
Suppose -4*o = -120 - 1152. List the prime factors of o - (7 + -3 + -4).
2, 3, 53
Suppose -3*m + 4*n = -m - 3472, -3*n - 1738 = -m. List the prime factors of m.
2, 433
Suppose -217 = -3*w - v + 94, 0 = -5*w - 5*v + 505. Suppose 5*y = r - 131, w = 5*r - 5*y - 630. What are the prime factors of r?
151
Suppose 0*k + 7790100 = 125*k + 105*k. What are the prime factors of k?
2, 3, 5, 1129
Let i be (-13342)/(-49) + 4/(-14). Suppose -i*s = -267*s - 1170. What are the prime factors of s?
2, 3, 13
Let t = -63 + 68. Suppose -3*s = t*u + 27, 3*s - 2*u = -7 + 1. List the prime factors of 144/96 - (-109)/s*-2.
2, 7
Let w(u) = 941*u + 15. Let m be -1*1*13/(-13). List the prime factors of w(m).
2, 239
Suppose -2593*m - 275 = -2631*m - 1719. Suppose 2*r - 545 = -3*g, 5*g = -3*r + 803 + 106. Let k = g - m. List the prime factors of k.
13, 17
Suppose -94*f + 1521337 = 316821. List the prime factors of f.
2, 43, 149
Suppose -23*m + 1281783 + 64364 = 30*m. What are the prime factors of m?
11, 2309
Let p(g) = g**3 + 61*g**2 + 25*g + 53. What are the prime factors of p(-15)?
2, 23, 109
Suppose -23*k = -2*k - 124740. List the prime factors of k.
2, 3, 5, 11
Suppose h - 2*h + 4*u + 368 = 0, 0 = 3*h - 5*u - 1132. Suppose -h = -11*z + 8*z. Suppose -5*a + z - 38 = 0. List the prime factors of a.
2, 3
Let z(m) = 3*m**2 - 46*m + 70. Let q = -117 - -137. List the prime factors of z(q).
2, 5, 7
List the prime factors of -9 - (-6427 + (2 - 14)).
2, 5, 643
Suppose -51*a - 243425 = -1494456 + 90526. What are the prime factors of a?
3, 5, 37, 41
Let t(n) be the first derivative of -15*n**2/2 + 7. Let p be t(-2). Suppose -m + p = w, 4*m - 96 - 21 = -w. List the prime factors of m.
29
Let c be 874/4 - 102/68. Suppose 172 = 4*g - 2*x, 0 = 5*g - x - x - c. What are the prime factors of g?
3, 5
Let b be 1*-24 - (14 + -10). Let h = 8 - b. List the prime factors of h.
2, 3
Suppose x = 6*x - 955. Suppose -8*j - 7*j - 810 = 0. Let m = x + j. List the prime factors of m.
137
List the prime factors of (952/6)/(((-1)/(-60))/(390/120)).
2, 5, 7, 13, 17
Suppose 30245 = 3*a + a + m, m - 7565 = -a. Suppose 17*n + 811 = a. What are the prime factors of n?
397
Let k(s) = s**3 - 18*s**2 + 2*s - 33. Let a be k(18). Suppose -5*m - 5*q + 3435 = 0, -a*m = -m - 2*q - 1374. List the prime factors of m.
3, 229
What are the prime factors of (-7)/(399/(-781875)) + 6/(-57)?
11, 29, 43
Suppose 0 = 7*s + 3655 - 95754. List the prime factors of s.
59, 223
Suppose -453*p = -457*p + 772. Suppose -p + 4313 = 8*a. What are the prime factors of a?
5, 103
Let d = -2105 + 6624. What are the prime factors of d?
4519
Let c = -66909 - -129969. What are the prime factors of c?
2, 3, 5, 1051
Let l(w) = 13*w - 18. Let b = -4 + 25. Let z = 26 - b. What are the prime factors of l(z)?
47
Suppose 0 = -99*a - 47*a + 430554. What are the prime factors of a?
3, 983
Suppose -37 + 6 = -3*m - 5*r, -16 = 2*m - 4*r. Suppose 4*k + 0*k - 116 = -m*n, 2 = n. What are the prime factors of 7/(k/732) + 5?
2, 47
Suppose -618*u - 16213 = -c - 622*u, 2*c = -3*u + 32456. List the prime factors of c.
13, 1249
Suppose 0 = -30*o + 24*o + 12. What are the prime factors of ((-8*155)/(-8))/(o/2)?
5, 31
Let v be -7 - 17/((-68)/48). What are the prime factors of (v/((-50)/4))/(12/(-13740))?
2, 229
Suppose -3*r - 3*q = 276, 2*r = -0*q + 2*q - 168. Let g = -84 - r. List the prime factors of (-260)/(-30) + g/(-6).
2
Suppose 927 + 1309 = 13*y. Suppose 4*t - 4*i = 1504, 1316 = 3*t + i + y. List the prime factors of t.
2, 5, 19
What are the prime factors of (-16 - -23) + -2 + -10 - -13719?
2, 6857
Let y = 114 + -109. Suppose -4*d - 3*w + 5996 = 0, -y*d + 2519 + 4976 = w. List the prime factors of d.
1499
Let s = 25637 - 10084. What are the prime factors of s?
103, 151
Let b be 3 - (-5 - (-12 - -6)). Suppose b*i + 5*h - 210 - 364 = 0, -i + h = -287. List the prime factors of i.
7, 41
What are the prime factors of ((-968)/80 - -12)/((-1)/324130)?
32413
List the prime factors of 6556 + ((-20)/12)/(20/(-72)).
2, 17, 193
Let q be 5400/(-27)*(-1 - 10/4). Let m = q - 399. List the prime factors of m.
7, 43
Suppose 3*v + 16 = -47. Let s = v - -185. List the prime factors of s.
2, 41
Suppose 0 = -10*q + 17788 - 11328. List the prime factors of q.
2, 17, 19
Let z(r) = -r**3 + 68*r**2 - 58*r + 107. List the prime factors of z(34).
29, 1291
Suppose 3*s = 18, -30561 = -5*d + 4*s + 10145. What are the prime factors of d?
2, 4073
Suppose 85*j - 3922572 = -725382. What are the prime factors of j?
2, 3, 6269
Let a(w) = -w**2 + 16*w + 21. Suppose 22 = 3*v - 35. Let i be a(v). What are the prime factors of (-3738)/i - (-1)/6?
2, 13
Let z = -52532 - -107426. What are the prime factors of z?
2, 3, 7, 1307
Let h(m) = 680*m**2 - 57*m + 254. List the prime factors of h(4).
2, 7, 19, 41
Suppose -r = i - 666, 4*i = -2*r + 1163 + 175. Let k = -297 + r. Let j = k - 240. List the prime factors of j.
2, 3, 7
Let v be (-6)/(-5)*-10*(-7)/28. Suppose v*t - 5*s + 6 = t, 4*t = -2*s - 12. List the prime factors of (3/2)/(t/(-4)) - -106.
2, 3
Let y(f) be the first derivative of -5*f**2/2 + 77*f - 59. List the prime factors of y(6).
47
Let w(b) = 301*b**2 + 91*b + 315. What are the prime factors of w(-4)?
3, 7, 227
Let y(a) = -2*a**2 + 360. Let j be y(0). Let g = 48 + -151. Let z = j + g. What are the prime factors of z?
257
Let v = -2121 + 3962. Suppose -12*r + 7*r = 2*p - 4650, 0 = 2*r - 3*p - v. List the prime factors of r.
2, 29
Let j be ((-10)/(-25))/((-1)/(-5)) - -6. Let p be j/(-64) - 351/8. Let b = 7 - p. What are the prime factors of b?
3, 17
Let c = 58035 - 39411. What are the prime factors of c?
2, 3, 97
Let d(g) = 2*g**3 - 27*g**2 - 148*g - 9. List the prime factors of d(24).
3, 5, 569
Let n(o) = -o**2 - 27*o - 159. Let m be n(-9). Suppose 0 = 2*x + 3*p - 1975, m*x - 3314 + 304 = 5*p. List the prime factors of x.
5, 199
Suppose -5*r + 414 + 6 = 0. Let l = r - -36. Let y = l - -3. What are the prime factors of y?
3, 41
Suppose 3*f + 3*b - 70016 - 2404 = 0, -120688 = -5*f - 2*b. What are the prime factors of f?
2, 7, 431
Let p(l) = 5*l - 47. Let d be p(13). Suppose -d*b + 12330 = 4050. List the prime factors of b.
2, 5, 23
Suppose 0 = -4*l + 8*m - 10*m - 684, -4*m + 362 = -2*l. Let c = l + 332. Suppose -8*t + c = -777. What are the prime factors of t?
3, 13
Let o = -12 - -44. Suppose -3*u = o - 257. Suppose 3*t + u = 261. List the prime factors of t.
2, 31
Suppose 8 = -61*y + 63*y. Suppose -t = 3*b - 394, -12*t = -10*t - y*b - 838. List the prime factors of t.
409
Let r(x) = -1149 + 0*x**2 + 581 + 4*x**2 + 588 + 12*x. Let g(a) = 3*a + 3. Let v be g(-3). What are the prime factors of r(v)?
2, 23
Let h = 13727 - 4996. What are the prime factors of h?
8731
Suppose 0 = 61*b - 106113 - 60051. What are the prime factors of b?
2, 3, 227
Suppose -1 = 5*q + 3*t, 0 = 3*q - t + 6*t + 7. Let m be (1 + (-2)/(-4))*6. Suppose -2*j - q = -m. List the prime factors of j.
2
Let j(p) = -p**3 + 2*p**2 + 2*p - 1. Let f be j(-1). Suppose -l - 20*l + 11760 = f. What are the prime factors of l?
2, 5, 7
Suppose 0 = -27*u + 299*u - 4169216. What are the prime factors of u?
2, 479
Let v(f) = 51*f - 295. Let g be v(25). Suppose -2*a = -4*i + 980, -82*a = -4*i - 87*a + g. List the prime factors of i.
5, 7
Let d = 23393 - 13554. List the prime factors of d.
9839
Suppose 0 = 11*m - 98 + 43. Suppose m*x + 1246 = 3231. List the prime factors of x.
397
Let z(j) = -910*j + 2853. List the prime factors of z(-9).
3, 409
Suppose -59*d - 20 = -63*d, -d - 147457 = -2*o. What are the prime factors of o?
3, 7, 3511
What 